{"id":14,"date":"2018-06-05T19:56:34","date_gmt":"2018-06-05T17:56:34","guid":{"rendered":"http:\/\/bistrostjean.fr\/?page_id=14"},"modified":"2023-03-30T18:34:28","modified_gmt":"2023-03-30T16:34:28","slug":"gallerie","status":"publish","type":"page","link":"https:\/\/bistrostjean.fr\/?page_id=14","title":{"rendered":"Galerie"},"content":{"rendered":"<hr>\n<h3><strong>ENTR\u00c9ES<\/strong><\/h3>\nngg_shortcode_0_placeholder\n<hr>\n<h3 style=\"text-align: left;\"><strong>PLATS<\/strong><\/h3>\nngg_shortcode_1_placeholder\n<hr>\n<h3 style=\"text-align: left;\"><strong>DESSERTS<\/strong><\/h3>\nngg_shortcode_2_placeholder\n\n<div class=\"wp-block-image\">\n<figure class=\"aligncenter size-large\"><img loading=\"lazy\" decoding=\"async\" width=\"1024\" height=\"761\" src=\"https:\/\/bistrostjean.fr\/wp-content\/uploads\/2023\/01\/2-1024x761.png\" alt=\"\" class=\"wp-image-1301\" srcset=\"https:\/\/bistrostjean.fr\/wp-content\/uploads\/2023\/01\/2-1024x761.png 1024w, https:\/\/bistrostjean.fr\/wp-content\/uploads\/2023\/01\/2-300x223.png 300w, https:\/\/bistrostjean.fr\/wp-content\/uploads\/2023\/01\/2-768x571.png 768w, https:\/\/bistrostjean.fr\/wp-content\/uploads\/2023\/01\/2.png 1392w\" sizes=\"auto, (max-width: 1024px) 100vw, 1024px\" \/><figcaption class=\"wp-element-caption\">-1- L&rsquo;Oeuf \u00e0 64\u00b0 girolles &amp; petits pois<br>-2- L&rsquo;Oeuf parfait &amp; son r\u00e2p\u00e9 de truffe noire m\u00e9lanosporum<br>-3- Le Foie Gras de canard confit, cr\u00e8me de l\u00e9gumes d&rsquo;hiver<br>-4- Po\u00eal\u00e9e d&rsquo;escargots, lardons, cr\u00e8me de persil plat et ail doux<br>-5- Tartare de St Jacques, vinaigrette de carcasses<br>-6- Cr\u00e8me glac\u00e9e de petits pois, St Jacques &amp; fleurs du jardin<\/figcaption><\/figure>\n<\/div>\n\n\n\n\n\n\n\n<div class=\"wp-block-image\">\n<figure class=\"aligncenter size-large\"><img loading=\"lazy\" decoding=\"async\" width=\"1024\" height=\"722\" src=\"https:\/\/bistrostjean.fr\/wp-content\/uploads\/2023\/01\/1-1024x722.png\" alt=\"\" class=\"wp-image-1302\" srcset=\"https:\/\/bistrostjean.fr\/wp-content\/uploads\/2023\/01\/1-1024x722.png 1024w, https:\/\/bistrostjean.fr\/wp-content\/uploads\/2023\/01\/1-300x211.png 300w, https:\/\/bistrostjean.fr\/wp-content\/uploads\/2023\/01\/1-768x541.png 768w, https:\/\/bistrostjean.fr\/wp-content\/uploads\/2023\/01\/1.png 1522w\" sizes=\"auto, (max-width: 1024px) 100vw, 1024px\" \/><figcaption class=\"wp-element-caption\">-1- Cr\u00e8me Br\u00fbl\u00e9e au caf\u00e9, compot\u00e9e de pommes fa\u00e7on Tatin, financier aux amandes<br>-2- Mille-Feuille minute \u00e0 la vanille et ses fruits rouges<br>-3- La Polonaise meringu\u00e9e et punch\u00e9e au Grand-Marnier<br>-4- Le Chou croustillant, cr\u00e8me \u00e0 la vanille de Madagascar, gariguettes &amp; framboises<br>-5- Le Baba au Rhum, coulis de mangues et menthe du jardin<\/figcaption><\/figure>\n<\/div>","protected":false},"excerpt":{"rendered":"<p>ENTR\u00c9ES \u00a0\u00bb order_by=\u00a0\u00bbsortorder\u00a0\u00bb order_direction=\u00a0\u00bbASC\u00a0\u00bb returns=\u00a0\u00bbincluded\u00a0\u00bb maximum_entity_count=\u00a0\u00bb500&Prime;] PLATS \u00a0\u00bb template=\u00a0\u00bb\/home\/bistrostlh\/www\/wp-content\/plugins\/nextgen-gallery\/products\/photocrati_nextgen\/modules\/ngglegacy\/view\/gallery-caption.php\u00a0\u00bb order_by=\u00a0\u00bbsortorder\u00a0\u00bb order_direction=\u00a0\u00bbASC\u00a0\u00bb returns=\u00a0\u00bbincluded\u00a0\u00bb maximum_entity_count=\u00a0\u00bb500&Prime;] DESSERTS \u00a0\u00bb order_by=\u00a0\u00bbsortorder\u00a0\u00bb order_direction=\u00a0\u00bbASC\u00a0\u00bb returns=\u00a0\u00bbincluded\u00a0\u00bb maximum_entity_count=\u00a0\u00bb500&Prime;]<\/p>\n","protected":false},"author":1,"featured_media":0,"parent":0,"menu_order":0,"comment_status":"closed","ping_status":"closed","template":"","meta":{"ngg_post_thumbnail":0,"footnotes":""},"class_list":["post-14","page","type-page","status-publish","hentry"],"_links":{"self":[{"href":"https:\/\/bistrostjean.fr\/index.php?rest_route=\/wp\/v2\/pages\/14","targetHints":{"allow":["GET"]}}],"collection":[{"href":"https:\/\/bistrostjean.fr\/index.php?rest_route=\/wp\/v2\/pages"}],"about":[{"href":"https:\/\/bistrostjean.fr\/index.php?rest_route=\/wp\/v2\/types\/page"}],"author":[{"embeddable":true,"href":"https:\/\/bistrostjean.fr\/index.php?rest_route=\/wp\/v2\/users\/1"}],"replies":[{"embeddable":true,"href":"https:\/\/bistrostjean.fr\/index.php?rest_route=%2Fwp%2Fv2%2Fcomments&post=14"}],"version-history":[{"count":31,"href":"https:\/\/bistrostjean.fr\/index.php?rest_route=\/wp\/v2\/pages\/14\/revisions"}],"predecessor-version":[{"id":1353,"href":"https:\/\/bistrostjean.fr\/index.php?rest_route=\/wp\/v2\/pages\/14\/revisions\/1353"}],"wp:attachment":[{"href":"https:\/\/bistrostjean.fr\/index.php?rest_route=%2Fwp%2Fv2%2Fmedia&parent=14"}],"curies":[{"name":"wp","href":"https:\/\/api.w.org\/{rel}","templated":true}]}}